{"id":350,"date":"2025-02-25T11:17:38","date_gmt":"2025-02-25T10:17:38","guid":{"rendered":"https:\/\/thomaslamy.eu\/wordpress\/?page_id=350"},"modified":"2025-02-25T11:17:38","modified_gmt":"2025-02-25T10:17:38","slug":"faire-pour-savoir-faire","status":"publish","type":"page","link":"https:\/\/thomaslamy.eu\/wordpress\/tlform\/faire-pour-savoir-faire\/","title":{"rendered":"Faire pour savoir-faire !"},"content":{"rendered":"\n<p class=\"has-text-align-center\">\u00ab\u00a0<em>Ce que nous devons apprendre \u00e0 faire, nous l&rsquo;apprendrons en le faisant.<\/em>\u00a0\u00bb Aristote<\/p>\n\n\n\n<p>Je propose un atelier m\u00ealant num\u00e9rique et bricolage dans le but de travailler sur une multitude de th\u00e8me.<\/p>\n\n\n\n<figure class=\"wp-block-image aligncenter size-full is-resized\"><img alt=\"\" loading=\"lazy\" decoding=\"async\" width=\"983\" height=\"1311\" src=\"https:\/\/thomaslamy.eu\/wordpress\/tlform\/wp-content\/uploads\/sites\/2\/2025\/04\/IMG_20250321_094657.jpg\" alt=\"\" class=\"wp-image-384\" style=\"width:550px;height:auto\" srcset=\"https:\/\/thomaslamy.eu\/wordpress\/tlform\/wp-content\/uploads\/sites\/2\/2025\/04\/IMG_20250321_094657.jpg 983w, https:\/\/thomaslamy.eu\/wordpress\/tlform\/wp-content\/uploads\/sites\/2\/2025\/04\/IMG_20250321_094657-225x300.jpg 225w, https:\/\/thomaslamy.eu\/wordpress\/tlform\/wp-content\/uploads\/sites\/2\/2025\/04\/IMG_20250321_094657-768x1024.jpg 768w\" sizes=\"auto, (max-width: 983px) 100vw, 983px\" \/><\/figure>\n\n\n\n<h2 class=\"wp-block-heading\">Les comp\u00e9tences vis\u00e9es<\/h2>\n\n\n\n<ul class=\"wp-block-list\">\n<li>Continuer son apprentissage du num\u00e9rique sur un ordinateur portable: recherche sur internet, enregistrement d&rsquo;images, gestion de fichiers, impression\u2026 (<a href=\"https:\/\/code.travail.gouv.fr\/code-du-travail\/d6113-30\" data-type=\"link\" data-id=\"https:\/\/code.travail.gouv.fr\/code-du-travail\/d6113-30\">3\u00e8me alin\u00e9a de l&rsquo;article D6113-30 du code du Travail<\/a>) (en option)<\/li>\n\n\n\n<li>Apprendre \u00e0 utiliser un logiciel 3D et cr\u00e9er une forme simple qui sera export\u00e9e en projet (en option)<\/li>\n\n\n\n<li>Travailler la visualisation et le raisonnement spatial<\/li>\n\n\n\n<li>Travailler et convertir des unit\u00e9s de mesures (<a href=\"https:\/\/code.travail.gouv.fr\/code-du-travail\/d6113-30\" data-type=\"link\" data-id=\"https:\/\/code.travail.gouv.fr\/code-du-travail\/d6113-30\">2\u00e8me alin\u00e9a de l&rsquo;article D6113-30 du code du Travail<\/a>)<\/li>\n\n\n\n<li>Analyser les risques, dangers et dommages pour chaque machine-outil, choisir les E.P.I. n\u00e9cessaires \u00e0 l&rsquo;utilisation et pratiquer une posture de travail en s\u00e9curit\u00e9 (<a href=\"https:\/\/code.travail.gouv.fr\/code-du-travail\/d6113-30\" data-type=\"link\" data-id=\"https:\/\/code.travail.gouv.fr\/code-du-travail\/d6113-30\">7\u00e8me alin\u00e9a de l&rsquo;article D6113-30 du code du Travail<\/a>)  <\/li>\n\n\n\n<li>D\u00e9velopper sa pr\u00e9cision et sa minutie, travailler sa patience et sa concentration<\/li>\n\n\n\n<li>Regagner en confiance en soi en r\u00e9alisant ses propres cr\u00e9ations<\/li>\n\n\n\n<li>Apprendre ou r\u00e9apprendre les gestes qui sauvent en simulant un accident (<a href=\"https:\/\/code.travail.gouv.fr\/code-du-travail\/d6113-30\" data-type=\"link\" data-id=\"https:\/\/code.travail.gouv.fr\/code-du-travail\/d6113-30\">7\u00e8me alin\u00e9a de l&rsquo;article D6113-30 du code du Travail<\/a> et l&rsquo;obligation de porter assistance selon le code p\u00e9nal)  <\/li>\n<\/ul>\n\n\n\n<h2 class=\"wp-block-heading\">Publics vis\u00e9s<\/h2>\n\n\n\n<ul class=\"wp-block-list\">\n<li>Public jeune (Enfants et adolescents), adultes<\/li>\n\n\n\n<li>Public jeune en d\u00e9crochage scolaire pour comprendre l&rsquo;importance des comp\u00e9tences de bases (faire des math\u00e9matiques autrement)<\/li>\n\n\n\n<li>Public atteint ou non de troubles de l&rsquo;attention, de la concentration<\/li>\n\n\n\n<li>Public en cours de d&rsquo;apprentissage des comp\u00e9tences de bases<\/li>\n\n\n\n<li>Adultes en situation de difficult\u00e9, de surmenage professionnel ou personnel<\/li>\n\n\n\n<li>&#8230;.<\/li>\n<\/ul>\n\n\n\n<h2 class=\"wp-block-heading\">Mat\u00e9riels disponibles pour les ateliers<\/h2>\n\n\n\n<ul class=\"wp-block-list\">\n<li>3 scies \u00e0 chantourner avec diff\u00e9rentes lames (\u00e9paisses, fines, spirales)<\/li>\n\n\n\n<li>Touret de pon\u00e7age + ponceuses \u00e9lectrique manuelle avec diff\u00e9rentes fraises<\/li>\n\n\n\n<li>D\u00e9coupeuse de mousse et polystyr\u00e8ne \u00e0 fil chaud (id\u00e9al pour comprendre les mouvements, parfait pour les plus jeunes)<\/li>\n\n\n\n<li>Groupe \u00e9lectrique solaire (1400w de sortie et 1kwH)  en cas de travail hors r\u00e9seau \u00e9lectrique (pleine nature, terrain de loisirs \u2026)<\/li>\n\n\n\n<li>Pyrograveur avec diff\u00e9rentes pointes<\/li>\n\n\n\n<li>Perceuse sans fil<\/li>\n\n\n\n<li>Colle \u00e0 bois, produit de finition (huile de lin)<\/li>\n\n\n\n<li>E.P.I. (casques, gants, lunettes de protection&#8230;)<\/li>\n\n\n\n<li>Tableau blanc magn\u00e9tique pour prendre des notes, faire des sch\u00e9mas\u2026<\/li>\n<\/ul>\n\n\n\n<figure class=\"wp-block-gallery has-nested-images columns-default is-cropped wp-block-gallery-1 is-layout-flex wp-block-gallery-is-layout-flex\">\n<figure class=\"wp-block-image size-large\"><img alt=\"\" loading=\"lazy\" decoding=\"async\" width=\"768\" height=\"1024\" data-id=\"354\" src=\"https:\/\/thomaslamy.eu\/wordpress\/tlform\/wp-content\/uploads\/2025\/02\/IMG_20240728_174239-768x1024.jpg\" alt=\"\" class=\"wp-image-354\" srcset=\"https:\/\/thomaslamy.eu\/wordpress\/tlform\/wp-content\/uploads\/sites\/2\/2025\/02\/IMG_20240728_174239-768x1024.jpg 768w, https:\/\/thomaslamy.eu\/wordpress\/tlform\/wp-content\/uploads\/sites\/2\/2025\/02\/IMG_20240728_174239-225x300.jpg 225w, https:\/\/thomaslamy.eu\/wordpress\/tlform\/wp-content\/uploads\/sites\/2\/2025\/02\/IMG_20240728_174239.jpg 983w\" sizes=\"auto, (max-width: 768px) 100vw, 768px\" \/><\/figure>\n\n\n\n<figure class=\"wp-block-image size-large\"><img alt=\"\" loading=\"lazy\" decoding=\"async\" width=\"768\" height=\"1024\" data-id=\"356\" src=\"https:\/\/thomaslamy.eu\/wordpress\/tlform\/wp-content\/uploads\/2025\/02\/IMG_20240730_111402-768x1024.jpg\" alt=\"\" class=\"wp-image-356\" srcset=\"https:\/\/thomaslamy.eu\/wordpress\/tlform\/wp-content\/uploads\/sites\/2\/2025\/02\/IMG_20240730_111402-768x1024.jpg 768w, https:\/\/thomaslamy.eu\/wordpress\/tlform\/wp-content\/uploads\/sites\/2\/2025\/02\/IMG_20240730_111402-225x300.jpg 225w, https:\/\/thomaslamy.eu\/wordpress\/tlform\/wp-content\/uploads\/sites\/2\/2025\/02\/IMG_20240730_111402.jpg 983w\" sizes=\"auto, (max-width: 768px) 100vw, 768px\" \/><\/figure>\n\n\n\n<figure class=\"wp-block-image size-large\"><img alt=\"\" loading=\"lazy\" decoding=\"async\" width=\"768\" height=\"1024\" data-id=\"355\" src=\"https:\/\/thomaslamy.eu\/wordpress\/tlform\/wp-content\/uploads\/2025\/02\/IMG_20240728_180912-768x1024.jpg\" alt=\"\" class=\"wp-image-355\" srcset=\"https:\/\/thomaslamy.eu\/wordpress\/tlform\/wp-content\/uploads\/sites\/2\/2025\/02\/IMG_20240728_180912-768x1024.jpg 768w, https:\/\/thomaslamy.eu\/wordpress\/tlform\/wp-content\/uploads\/sites\/2\/2025\/02\/IMG_20240728_180912-225x300.jpg 225w, https:\/\/thomaslamy.eu\/wordpress\/tlform\/wp-content\/uploads\/sites\/2\/2025\/02\/IMG_20240728_180912.jpg 983w\" sizes=\"auto, (max-width: 768px) 100vw, 768px\" \/><\/figure>\n\n\n\n<figure class=\"wp-block-image size-large\"><img alt=\"\" loading=\"lazy\" decoding=\"async\" width=\"768\" height=\"1024\" data-id=\"357\" src=\"https:\/\/thomaslamy.eu\/wordpress\/tlform\/wp-content\/uploads\/2025\/02\/IMG_20240730_113847-768x1024.jpg\" alt=\"\" class=\"wp-image-357\" srcset=\"https:\/\/thomaslamy.eu\/wordpress\/tlform\/wp-content\/uploads\/sites\/2\/2025\/02\/IMG_20240730_113847-768x1024.jpg 768w, https:\/\/thomaslamy.eu\/wordpress\/tlform\/wp-content\/uploads\/sites\/2\/2025\/02\/IMG_20240730_113847-225x300.jpg 225w, https:\/\/thomaslamy.eu\/wordpress\/tlform\/wp-content\/uploads\/sites\/2\/2025\/02\/IMG_20240730_113847.jpg 983w\" sizes=\"auto, (max-width: 768px) 100vw, 768px\" \/><\/figure>\n\n\n\n<figure class=\"wp-block-image size-large\"><img alt=\"\" loading=\"lazy\" decoding=\"async\" width=\"768\" height=\"1024\" data-id=\"385\" src=\"https:\/\/thomaslamy.eu\/wordpress\/tlform\/wp-content\/uploads\/2025\/04\/IMG_20250321_104655-768x1024.jpg\" alt=\"\" class=\"wp-image-385\" srcset=\"https:\/\/thomaslamy.eu\/wordpress\/tlform\/wp-content\/uploads\/sites\/2\/2025\/04\/IMG_20250321_104655-768x1024.jpg 768w, https:\/\/thomaslamy.eu\/wordpress\/tlform\/wp-content\/uploads\/sites\/2\/2025\/04\/IMG_20250321_104655-225x300.jpg 225w, https:\/\/thomaslamy.eu\/wordpress\/tlform\/wp-content\/uploads\/sites\/2\/2025\/04\/IMG_20250321_104655.jpg 983w\" sizes=\"auto, (max-width: 768px) 100vw, 768px\" \/><\/figure>\n<\/figure>\n\n\n\n<h2 class=\"wp-block-heading\">Exemple de d\u00e9roulement d&rsquo;un atelier <\/h2>\n\n\n\n<ul class=\"wp-block-list\">\n<li>Briefing d&rsquo;accueil pour se pr\u00e9senter, se connaitre, et d\u00e9finir les objectifs du jour<\/li>\n\n\n\n<li>Rappel concernant la s\u00e9curit\u00e9, la posture<\/li>\n\n\n\n<li>Tour des machines : recherche des dangers, risques et dommages potentiels. D\u00e9finition des EPI.<\/li>\n\n\n\n<li>D\u00e9monstrations de chaque machine et d\u00e9couvertes des gestes techniques.<\/li>\n\n\n\n<li>Premiers essais de chantournage pour d\u00e9couvrir en s&rsquo;entrainant (ligne droite, courbe etc)<\/li>\n\n\n\n<li>Recherche sur Internet d&rsquo;images en silhouette \u00e0 imprimer et \u00e0 coller sur les diff\u00e9rents supports<\/li>\n\n\n\n<li>D\u00e9coupage, pon\u00e7age, finition<\/li>\n\n\n\n<li>P\u00e9riode de cr\u00e9ation libre<\/li>\n\n\n\n<li>Nettoyage, entretien et rangement des machines et de l&rsquo;atelier<\/li>\n\n\n\n<li>Briefing de fin<\/li>\n<\/ul>\n\n\n\n<p><em>La partie num\u00e9rique (recherche sur internet, impression) et l&rsquo;utilisation de l&rsquo;environnement 3D sont des options possibles suivant la dur\u00e9e d\u00e9finie. Je dispose toujours de mod\u00e8les pr\u00eat \u00e0 \u00eatre coll\u00e9s et chantourn\u00e9s.<\/em><\/p>\n\n\n\n<p><\/p>\n","protected":false},"excerpt":{"rendered":"<p>\u00ab\u00a0Ce que nous devons apprendre \u00e0 faire, nous l&rsquo;apprendrons en le faisant.\u00a0\u00bb Aristote Je propose un atelier m\u00ealant num\u00e9rique et bricolage dans le but de travailler sur une multitude de th\u00e8me. Les comp\u00e9tences vis\u00e9es Publics vis\u00e9s Mat\u00e9riels disponibles pour les ateliers Exemple de d\u00e9roulement d&rsquo;un atelier La partie num\u00e9rique (recherche sur internet, impression) et l&rsquo;utilisation &hellip; <\/p>\n<p class=\"link-more\"><a href=\"https:\/\/thomaslamy.eu\/wordpress\/tlform\/faire-pour-savoir-faire\/\" class=\"more-link\">Lire la suite de<span class=\"screen-reader-text\">\u00ab\u00a0Faire pour savoir-faire !\u00a0\u00bb<\/span><\/a><\/p>\n","protected":false},"author":1,"featured_media":0,"parent":0,"menu_order":0,"comment_status":"closed","ping_status":"closed","template":"","meta":{"_seopress_robots_primary_cat":"","_seopress_titles_title":"","_seopress_titles_desc":"Atelier bricolage avec des scies \u00e0 chantourner pour travailler la s\u00e9curit\u00e9, la confiance en soi, les comp\u00e9tences de bases","_seopress_robots_index":"","inspiro_hide_title":false,"footnotes":""},"class_list":["post-350","page","type-page","status-publish","hentry"],"_links":{"self":[{"href":"https:\/\/thomaslamy.eu\/wordpress\/tlform\/wp-json\/wp\/v2\/pages\/350","targetHints":{"allow":["GET"]}}],"collection":[{"href":"https:\/\/thomaslamy.eu\/wordpress\/tlform\/wp-json\/wp\/v2\/pages"}],"about":[{"href":"https:\/\/thomaslamy.eu\/wordpress\/tlform\/wp-json\/wp\/v2\/types\/page"}],"author":[{"embeddable":true,"href":"https:\/\/thomaslamy.eu\/wordpress\/tlform\/wp-json\/wp\/v2\/users\/1"}],"replies":[{"embeddable":true,"href":"https:\/\/thomaslamy.eu\/wordpress\/tlform\/wp-json\/wp\/v2\/comments?post=350"}],"version-history":[{"count":0,"href":"https:\/\/thomaslamy.eu\/wordpress\/tlform\/wp-json\/wp\/v2\/pages\/350\/revisions"}],"wp:attachment":[{"href":"https:\/\/thomaslamy.eu\/wordpress\/tlform\/wp-json\/wp\/v2\/media?parent=350"}],"curies":[{"name":"wp","href":"https:\/\/api.w.org\/{rel}","templated":true}]}}