{"id":224,"date":"2024-04-08T17:36:27","date_gmt":"2024-04-08T15:36:27","guid":{"rendered":"https:\/\/thomaslamy.eu\/wordpress\/?page_id=224"},"modified":"2024-04-08T17:36:27","modified_gmt":"2024-04-08T15:36:27","slug":"autres-prestations","status":"publish","type":"page","link":"https:\/\/thomaslamy.eu\/wordpress\/tlform\/autres-prestations\/","title":{"rendered":"Autres prestations"},"content":{"rendered":"\n<h2 class=\"wp-block-heading\">Droits et devoirs<\/h2>\n\n\n\n<p>Module d&rsquo;une journ\u00e9e<\/p>\n\n\n\n<ul class=\"wp-block-list\">\n<li>Lister les droits et devoirs d&rsquo;un citoyen europ\u00e9en<\/li>\n\n\n\n<li>Lister les droits et devoirs d&rsquo;un citoyen fran\u00e7ais<\/li>\n\n\n\n<li>Lister les droits et devoirs d&rsquo;un salari\u00e9<\/li>\n\n\n\n<li>Reformuler l&rsquo;int\u00e9r\u00eat de travailler sur le plan personnel<\/li>\n\n\n\n<li>Reformuler l&rsquo;int\u00e9r\u00eat de travailler sur le plan collectif<\/li>\n\n\n\n<li>Interpr\u00e9ter les revenus bruts et net<\/li>\n\n\n\n<li>D\u00e9crire le cout du travail en France<\/li>\n\n\n\n<li>Identifier les diff\u00e9rents contrats de travail<\/li>\n<\/ul>\n\n\n\n<h2 class=\"wp-block-heading\">Formation Logistique<\/h2>\n\n\n\n<p>Intervention sur diff\u00e9rentes formations<\/p>\n\n\n\n<ul class=\"wp-block-list\">\n<li>Titre Pro Agent Magasinier<\/li>\n\n\n\n<li>Formation Employ\u00e9 Drive<\/li>\n\n\n\n<li>Formation Gestion des stocks informatis\u00e9<\/li>\n\n\n\n<li>Pr\u00e9paration au CACES R489<\/li>\n<\/ul>\n\n\n\n<p>Je dispose de nombreux outils d&rsquo;animations et techniques pour cette th\u00e9matique dont un logiciel de gestion commercial d\u00e9velopp\u00e9 pour l&rsquo;apprentissage de la logistique nomm\u00e9 C.E.L.I.A.<\/p>\n\n\n\n<h2 class=\"wp-block-heading\">Formation aux comp\u00e9tences de bases<\/h2>\n\n\n\n<p>Conform\u00e9ment \u00e0 l&rsquo;<a href=\"https:\/\/www.legifrance.gouv.fr\/codes\/article_lc\/LEGIARTI000038024722\" data-type=\"link\" data-id=\"https:\/\/www.legifrance.gouv.fr\/codes\/article_lc\/LEGIARTI000038024722\">article D6113-30 du code du travail<\/a>:<\/p>\n\n\n\n<ol class=\"wp-block-list\">\n<li>Communication en fran\u00e7ais<\/li>\n\n\n\n<li>R\u00e8gles de base de calcul et raisonnement math\u00e9matique<\/li>\n\n\n\n<li>Utilisation des T.I.C.<\/li>\n\n\n\n<li>Travailler en \u00e9quipe<\/li>\n\n\n\n<li>Travailler en autonomie<\/li>\n\n\n\n<li>Apprendre \u00e0 apprendre<\/li>\n\n\n\n<li>Maitrises des gestes et postures, r\u00e8gles d&rsquo;hygi\u00e8ne, de s\u00e9curit\u00e9 et d&rsquo;environnement<\/li>\n<\/ol>\n\n\n\n<h2 class=\"wp-block-heading\">Formation SST (14h \u00e0 16h suivant typologie public)<\/h2>\n\n\n\n<p>D\u00e9roul\u00e9 conforme aux r\u00e9f\u00e9rences techniques et p\u00e9dagogiques de l\u2019INRS <\/p>\n\n\n\n<h2 class=\"wp-block-heading\">Formation Education Financi\u00e8re<\/h2>\n\n\n\n<p>Il n&rsquo;y a pas d&rsquo;\u00e2ge pour parler argent<\/p>\n\n\n\n<ul class=\"wp-block-list\">\n<li>Expliquer comment g\u00e9rer son argent et pr\u00e9venir le surendettement<\/li>\n\n\n\n<li>Planifier et \u00e9pargner<\/li>\n\n\n\n<li>Identifier les arnaques financi\u00e8res ou les pratiques commerciales trompeuses<\/li>\n\n\n\n<li>Apprendre \u00e0 mieux d\u00e9penser dans les d\u00e9penses quotidiennes<\/li>\n\n\n\n<li>Calculer un budget<\/li>\n<\/ul>\n\n\n\n<h2 class=\"wp-block-heading\">Formation Gestes qui sauvent (Dur\u00e9e suivant public)<\/h2>\n\n\n\n<ul class=\"wp-block-list\">\n<li>Protection<\/li>\n\n\n\n<li>Alerte<\/li>\n\n\n\n<li>H\u00e9morragie<\/li>\n\n\n\n<li>Position d\u2019attente<\/li>\n\n\n\n<li>Position lat\u00e9rale de s\u00e9curit\u00e9 (PLS)<\/li>\n\n\n\n<li>Massage cardiaque avec utilisation du d\u00e9fibrillateur<\/li>\n<\/ul>\n\n\n\n<h2 class=\"wp-block-heading\">Initiation \u00e0 la gestion du stress<\/h2>\n\n\n\n<ul class=\"wp-block-list\">\n<li>D\u00e9finir ce qu&rsquo;est le stress<\/li>\n\n\n\n<li>Identifier les stress et ses effets<\/li>\n\n\n\n<li>Citer les cons\u00e9quences du stress<\/li>\n\n\n\n<li>Interpr\u00e9ter l&rsquo;importance des \u00e9motions<\/li>\n\n\n\n<li>Reconna\u00eetre le cercle vicieux<\/li>\n\n\n\n<li>D\u00e9terminer les tentions pour mieux analyser<\/li>\n\n\n\n<li>Simuler les techniques pour g\u00e9rer son stress<\/li>\n<\/ul>\n\n\n\n<h2 class=\"wp-block-heading\">Conseil Marketing R\u00e9seau Sociaux pour petites structures et associations<\/h2>\n\n\n\n<div class=\"wp-block-buttons is-content-justification-center is-layout-flex wp-container-core-buttons-is-layout-a89b3969 wp-block-buttons-is-layout-flex\">\n<div class=\"wp-block-button is-style-outline is-style-outline--1\"><a class=\"wp-block-button__link has-secondary-color has-text-color wp-element-button\" href=\"https:\/\/thomaslamy.eu\/wordpress\/tlform\/index.php\/contact-2\/\" style=\"border-radius:0px\"><strong>Contact<\/strong><\/a><\/div>\n<\/div>\n\n\n\n<div style=\"height:100px\" aria-hidden=\"true\" class=\"wp-block-spacer\"><\/div>\n","protected":false},"excerpt":{"rendered":"<p>Droits et devoirs Module d&rsquo;une journ\u00e9e Formation Logistique Intervention sur diff\u00e9rentes formations Je dispose de nombreux outils d&rsquo;animations et techniques pour cette th\u00e9matique dont un logiciel de gestion commercial d\u00e9velopp\u00e9 pour l&rsquo;apprentissage de la logistique nomm\u00e9 C.E.L.I.A. Formation aux comp\u00e9tences de bases Conform\u00e9ment \u00e0 l&rsquo;article D6113-30 du code du travail: Formation SST (14h \u00e0 16h &hellip; <\/p>\n<p class=\"link-more\"><a href=\"https:\/\/thomaslamy.eu\/wordpress\/tlform\/autres-prestations\/\" class=\"more-link\">Lire la suite de<span class=\"screen-reader-text\">\u00ab\u00a0Autres prestations\u00a0\u00bb<\/span><\/a><\/p>\n","protected":false},"author":1,"featured_media":104,"parent":0,"menu_order":0,"comment_status":"closed","ping_status":"closed","template":"","meta":{"_seopress_robots_primary_cat":"","_seopress_titles_title":"","_seopress_titles_desc":"Formations SST, Gestes qui sauvent, initiation au secourisme, gestion du stress, formation logistique et pr\u00e9paration de commandes, droits et devoirs","_seopress_robots_index":"","inspiro_hide_title":false,"footnotes":""},"class_list":["post-224","page","type-page","status-publish","has-post-thumbnail","hentry"],"_links":{"self":[{"href":"https:\/\/thomaslamy.eu\/wordpress\/tlform\/wp-json\/wp\/v2\/pages\/224","targetHints":{"allow":["GET"]}}],"collection":[{"href":"https:\/\/thomaslamy.eu\/wordpress\/tlform\/wp-json\/wp\/v2\/pages"}],"about":[{"href":"https:\/\/thomaslamy.eu\/wordpress\/tlform\/wp-json\/wp\/v2\/types\/page"}],"author":[{"embeddable":true,"href":"https:\/\/thomaslamy.eu\/wordpress\/tlform\/wp-json\/wp\/v2\/users\/1"}],"replies":[{"embeddable":true,"href":"https:\/\/thomaslamy.eu\/wordpress\/tlform\/wp-json\/wp\/v2\/comments?post=224"}],"version-history":[{"count":0,"href":"https:\/\/thomaslamy.eu\/wordpress\/tlform\/wp-json\/wp\/v2\/pages\/224\/revisions"}],"wp:featuredmedia":[{"embeddable":true,"href":"https:\/\/thomaslamy.eu\/wordpress\/tlform\/wp-json\/wp\/v2\/media\/104"}],"wp:attachment":[{"href":"https:\/\/thomaslamy.eu\/wordpress\/tlform\/wp-json\/wp\/v2\/media?parent=224"}],"curies":[{"name":"wp","href":"https:\/\/api.w.org\/{rel}","templated":true}]}}